{"id":349,"date":"2022-02-17T15:47:59","date_gmt":"2022-02-17T14:47:59","guid":{"rendered":"https:\/\/lougouaille.ovh\/?page_id=349"},"modified":"2025-07-25T18:41:56","modified_gmt":"2025-07-25T16:41:56","slug":"about-2","status":"publish","type":"page","link":"https:\/\/lougouaille.ovh\/?page_id=349","title":{"rendered":"\u00c0 propos"},"content":{"rendered":"\n<div class=\"wp-block-columns is-layout-flex wp-container-core-columns-is-layout-9d6595d7 wp-block-columns-is-layout-flex\">\n<div class=\"wp-block-column is-layout-flow wp-block-column-is-layout-flow\" style=\"flex-basis:33.33%\"><div class=\"wp-block-image\">\n<figure class=\"aligncenter size-large\"><img fetchpriority=\"high\" decoding=\"async\" width=\"1024\" height=\"1024\" src=\"http:\/\/lougouaille.ovh\/wp-content\/uploads\/2025\/07\/portraitLouGouaille-1024x1024.jpg\" alt=\"\" class=\"wp-image-791\" style=\"aspect-ratio:1;object-fit:cover\" srcset=\"https:\/\/lougouaille.ovh\/wp-content\/uploads\/2025\/07\/portraitLouGouaille-1024x1024.jpg 1024w, https:\/\/lougouaille.ovh\/wp-content\/uploads\/2025\/07\/portraitLouGouaille-300x300.jpg 300w, https:\/\/lougouaille.ovh\/wp-content\/uploads\/2025\/07\/portraitLouGouaille-150x150.jpg 150w, https:\/\/lougouaille.ovh\/wp-content\/uploads\/2025\/07\/portraitLouGouaille-768x768.jpg 768w, https:\/\/lougouaille.ovh\/wp-content\/uploads\/2025\/07\/portraitLouGouaille-1536x1536.jpg 1536w, https:\/\/lougouaille.ovh\/wp-content\/uploads\/2025\/07\/portraitLouGouaille-2048x2048.jpg 2048w, https:\/\/lougouaille.ovh\/wp-content\/uploads\/2025\/07\/portraitLouGouaille-1200x1200.jpg 1200w, https:\/\/lougouaille.ovh\/wp-content\/uploads\/2025\/07\/portraitLouGouaille-1860x1860.jpg 1860w\" sizes=\"(max-width: 1024px) 100vw, 1024px\" \/><\/figure>\n<\/div><\/div>\n\n\n\n<div class=\"wp-block-column is-layout-flow wp-block-column-is-layout-flow\" style=\"flex-basis:66.66%\">\n<p class=\"has-small-font-size\">Je suis Lou Gouaille, je suis designer sp\u00e9cialis\u00e9e dans les mat\u00e9riaux. Mon approche du design se structure autour de la mati\u00e8re : je m\u2019int\u00e9resse aux processus de transformation, \u00e0 la physicalit\u00e9 des mat\u00e9riaux et aux interactions entre gestes, outils et techniques. <\/p>\n<\/div>\n<\/div>\n\n\n\n<p class=\"has-small-font-size\">Passionn\u00e9e par l\u2019exp\u00e9rimentation, je d\u00e9veloppe une d\u00e9marche que je qualifie de <strong>\u00ab cuisine mat\u00e9rielle \u00bb<\/strong> : utiliser des moyens simples pour explorer et r\u00e9v\u00e9ler le potentiel de mati\u00e8res souvent n\u00e9glig\u00e9es. Ma pratique vise \u00e0 coordonner les dimensions techniques, esth\u00e9tiques et sensibles du mat\u00e9riau. <\/p>\n\n\n\n<p class=\"has-small-font-size\">Mon parcours a d\u00e9but\u00e9 au lyc\u00e9e Saint-Genevi\u00e8ve, o\u00f9 j\u2019ai obtenu un baccalaur\u00e9at STD2A, avant de poursuivre mes \u00e9tudes \u00e0 l\u2019ENSAAMA \u00e0 Paris, puis au lyc\u00e9e Br\u00e9quigny \u00e0 Rennes, o\u00f9 j\u2019ai \u00e9t\u00e9 dipl\u00f4m\u00e9e d\u2019un DSAA en design de produit en 2021.<\/p>\n\n\n\n<p class=\"has-small-font-size\">Mon activit\u00e9 se divise entre des missions de prestation \u2014 en collaboration avec des studios de design ou des artisans \u2014 et le d\u00e9veloppement de projets personnels de recherche sur les mat\u00e9riaux. Dans ce cadre, j\u2019ai eu l\u2019occasion de collaborer avec des structures vari\u00e9es, en apportant un regard de designer sur la mati\u00e8re, en participant \u00e0 des processus de fabrication ou encore en menant une veille sur les innovations techniques.<\/p>\n\n\n<div class=\"wp-block-image\">\n<figure class=\"aligncenter size-large\"><img decoding=\"async\" width=\"1024\" height=\"472\" src=\"https:\/\/lougouaille.ovh\/wp-content\/uploads\/2025\/07\/Fichier-2@3x-1-1024x472.png\" alt=\"\" class=\"wp-image-934\" style=\"aspect-ratio:16\/9;object-fit:cover\" srcset=\"https:\/\/lougouaille.ovh\/wp-content\/uploads\/2025\/07\/Fichier-2@3x-1-1024x472.png 1024w, https:\/\/lougouaille.ovh\/wp-content\/uploads\/2025\/07\/Fichier-2@3x-1-300x138.png 300w, https:\/\/lougouaille.ovh\/wp-content\/uploads\/2025\/07\/Fichier-2@3x-1-768x354.png 768w, https:\/\/lougouaille.ovh\/wp-content\/uploads\/2025\/07\/Fichier-2@3x-1-1536x709.png 1536w, https:\/\/lougouaille.ovh\/wp-content\/uploads\/2025\/07\/Fichier-2@3x-1-2048x945.png 2048w, https:\/\/lougouaille.ovh\/wp-content\/uploads\/2025\/07\/Fichier-2@3x-1-1200x554.png 1200w, https:\/\/lougouaille.ovh\/wp-content\/uploads\/2025\/07\/Fichier-2@3x-1-1860x858.png 1860w\" sizes=\"(max-width: 1024px) 100vw, 1024px\" \/><\/figure>\n<\/div>","protected":false},"excerpt":{"rendered":"<p>Je suis Lou Gouaille, je suis designer sp\u00e9cialis\u00e9e dans les mat\u00e9riaux. Mon approche du design se structure autour de la mati\u00e8re : je m\u2019int\u00e9resse aux processus de transformation, \u00e0 la physicalit\u00e9 des mat\u00e9riaux et aux interactions entre gestes, outils et techniques. Passionn\u00e9e par l\u2019exp\u00e9rimentation, je d\u00e9veloppe une d\u00e9marche que je qualifie de \u00ab cuisine mat\u00e9rielle [&hellip;]<\/p>\n","protected":false},"author":1,"featured_media":0,"parent":0,"menu_order":0,"comment_status":"closed","ping_status":"closed","template":"","meta":{"footnotes":""},"class_list":["post-349","page","type-page","status-publish","hentry","missing-thumbnail"],"_links":{"self":[{"href":"https:\/\/lougouaille.ovh\/index.php?rest_route=\/wp\/v2\/pages\/349","targetHints":{"allow":["GET"]}}],"collection":[{"href":"https:\/\/lougouaille.ovh\/index.php?rest_route=\/wp\/v2\/pages"}],"about":[{"href":"https:\/\/lougouaille.ovh\/index.php?rest_route=\/wp\/v2\/types\/page"}],"author":[{"embeddable":true,"href":"https:\/\/lougouaille.ovh\/index.php?rest_route=\/wp\/v2\/users\/1"}],"replies":[{"embeddable":true,"href":"https:\/\/lougouaille.ovh\/index.php?rest_route=%2Fwp%2Fv2%2Fcomments&post=349"}],"version-history":[{"count":12,"href":"https:\/\/lougouaille.ovh\/index.php?rest_route=\/wp\/v2\/pages\/349\/revisions"}],"predecessor-version":[{"id":939,"href":"https:\/\/lougouaille.ovh\/index.php?rest_route=\/wp\/v2\/pages\/349\/revisions\/939"}],"wp:attachment":[{"href":"https:\/\/lougouaille.ovh\/index.php?rest_route=%2Fwp%2Fv2%2Fmedia&parent=349"}],"curies":[{"name":"wp","href":"https:\/\/api.w.org\/{rel}","templated":true}]}}